 the greatest common factor of 306800 and 52?
52
Calculate the greatest common factor of 10314 and 1836.
54
What is the greatest common factor of 282 and 233402?
94
Calculate the greatest common factor of 12 and 5535708.
12
What is the highest common divisor of 580 and 698465?
145
Calculate the greatest common factor of 539 and 686.
49
What is the greatest common factor of 50041 and 21797?
307
Calculate the greatest common factor of 32 and 99680.
32
What is the greatest common factor of 1372 and 194236?
196
Calculate the highest common divisor of 480 and 259320.
120
What is the greatest common factor of 232 and 3148?
4
What is the highest common divisor of 80 and 72900?
20
Calculate the greatest common factor of 92 and 1827074.
46
What is the highest common divisor of 160 and 37000?
40
What is the highest common factor of 43 and 2365?
43
Calculate the highest common factor of 11320888 and 808.
808
Calculate the greatest common factor of 44731 and 291297.
1091
What is the greatest common divisor of 27 and 4863456?
27
What is the highest common factor of 1386 and 4734?
18
Calculate the greatest common divisor of 1599462 and 54.
18
Calculate the greatest common factor of 55 and 184723.
11
What is the greatest common factor of 16643 and 1243?
11
Calculate the highest common factor of 52 and 505622.
26
What is the greatest common divisor of 8 and 3412?
4
Calculate the greatest common divisor of 3520 and 3136.
64
Calculate the highest common divisor of 4816 and 9374.
86
What is the highest common divisor of 44 and 98527?
11
What is the greatest common factor of 30592 and 192?
64
Calculate the greatest common divisor of 3 and 2291.
1
Calculate the highest common divisor of 4152 and 456.
24
Calculate the greatest common factor of 273 and 382515.
21
What is the greatest common factor of 912 and 2335632?
912
What is the greatest common divisor of 57525 and 27495?
195
Calculate the highest common factor of 56 and 64.
8
Calculate the highest common divisor of 42585 and 628755.
2505
Calculate the highest common factor of 3010 and 3080.
70
Calculate the greatest common factor of 2587 and 26.
13
What is the greatest common divisor of 7582 and 7990?
34
What is the highest common factor of 38 and 406638?
38
Calculate the greatest common divisor of 52108 and 26.
2
Calculate the greatest common factor of 514 and 509374.
514
What is the highest common divisor of 208 and 176?
16
What is the greatest common divisor of 45 and 7308?
9
Calculate the greatest common factor of 96096 and 10164.
924
Calculate the greatest common factor of 4917 and 20562.
447
What is the greatest common divisor of 1142472 and 2630?
526
What is the greatest common divisor of 1008684 and 36?
36
Calculate the greatest common divisor of 96 and 38240.
32
Calculate the greatest common divisor of 132712 and 5936.
424
Calculate the highest common divisor of 421084 and 51842.
1058
What is the greatest common divisor of 437 and 342?
19
What is the highest common divisor of 156 and 434876?
52
Calculate the highest common divisor of 306 and 11394.
18
What is the greatest common factor of 456 and 7619?
19
What is the greatest common factor of 5676 and 73272?
516
What is the highest common factor of 21546 and 3654?
126
What is the highest common divisor of 712080 and 12?
12
Calculate the highest common factor of 8 and 37256.
8
Calculate the highest common divisor of 79904 and 85536.
352
Calculate the highest common factor of 36685 and 165.
55
What is the greatest common divisor of 20806 and 18281?
101
Calculate the greatest common divisor of 111040 and 200.
40
Calculate the greatest common factor of 16 and 586072.
8
Calculate the greatest common factor of 615 and 1460.
5
What is the highest common divisor of 123 and 15296649?
123
What is the highest common divisor of 3471409 and 618?
103
Calculate the highest common divisor of 4 and 37040.
4
Calculate the highest common divisor of 41242 and 238.
34
What is the greatest common factor of 12 and 7769292?
12
Calculate the highest common factor of 1369 and 9.
1
What is the greatest common divisor of 24034 and 1342?
122
Calculate the highest common factor of 393755 and 10.
5
Calculate the highest common divisor of 433 and 408.
1
What is the highest common divisor of 431826 and 30?
6
What is the greatest common divisor of 4040 and 30480?
40
Calculate the highest common divisor of 18126 and 371.
53
What is the highest common factor of 153721 and 2429?
347
What is the greatest common divisor of 15312 and 213048?
264
What is the greatest common factor of 832 and 9758112?
416
Calculate the greatest common divisor of 28712 and 1036.
148
What is the greatest common divisor of 115296 and 36?
12
What is the greatest common divisor of 5459 and 206?
103
What is the greatest common factor of 6216 and 34440?
168
Calculate the greatest common factor of 1905 and 8179435.
635
Calculate the highest common factor of 18 and 32583.
3
Calculate the greatest common divisor of 2328 and 33568.
8
Calculate the highest common divisor of 20 and 99980.
20
What is the highest common divisor of 72917 and 28613?
923
Calculate the highest common factor of 18711 and 770.
77
Calculate the greatest common divisor of 901 and 731.
17
Calculate the highest common divisor of 2701 and 1776.
37
Calculate the greatest common divisor of 12723042 and 514.
514
Calculate the greatest common factor of 466 and 304298.
466
What is the highest common divisor of 24854 and 867?
289
Calculate the greatest common divisor of 528 and 248052.
12
Calculate the greatest common divisor of 1 and 50290.
1
Calculate the greatest common factor of 143 and 2015.
13
What is the highest common divisor of 574 and 599092?
82
Calculate the greatest common factor of 852 and 307146.
426
What is the highest common factor of 702 and 53248?
26
Calculate the highest common divisor of 33242 and 88.
22
What is the greatest common factor of 209218 and 146?
146
What is the highest common factor of 1145 and 12137?
229
What is the highest common factor of 3717 and 6608?
413
Calculate the highest common factor of 116 and 2646772.
116
What is the highest common divisor of 281996 and 3978?
442
Calculate the greatest common divisor of 77972 and 6868.
404
Calculate the highest common factor of 63 and 153111.
21
Calculate the greatest common divisor of 424984 and 140.
28
What is the greatest common divisor of 1314 and 20586?
438
Calculate the highest common divisor of 18 and 83098.
2
Calculate the greatest common divisor of 2395 and 205.
5
Calculate the greatest common factor of 3122 and 128894.
446
What is the highest common divisor of 46 and 72335?
23
What is the greatest common divisor of 1516 and 32?
4
Calculate the highest common factor of 455 and 25235.
35
What is the highest common factor of 411486 and 6?
6
Calculate the greatest common factor of 5950 and 1309.
119
What is the highest common divisor of 57 and 22477?
19
Calculate the greatest common factor of 28262 and 2537058.
2174
What is the greatest common factor of 859971 and 4557?
651
Calculate the highest common divisor of 4144 and 2464.
112
Calculate the highest common divisor of 18 and 4920642.
18
What is the greatest common divisor of 240 and 2869540?
20
Calculate the greatest common factor of 12274 and 5814.
646
Calculate the greatest common factor of 156 and 69792.
12
Calculate the greatest common factor of 1734 and 21658.
34
What is the greatest common divisor of 17202 and 22560?
282
Calculate the highest common factor of 143568 and 18.
18
What is the highest common factor of 2574620 and 965?
965
What is the greatest common divisor of 4910829 and 1078?
539
Calculate the greatest common factor of 859456 and 156.
52
What is the greatest common factor of 415511 and 25631?
361
Calculate the highest common divisor of 144 and 9684.
36
Calculate the highest common divisor of 191 and 31706.
191
What is the highest common divisor of 38115 and 4680?
45
What is the greatest common factor of 548 and 136726?
274
Calculate the greatest common factor of 132268 and 129.
43
What is the greatest common divisor of 278696 and 2376?
88
Calculate the highest common factor of 272 and 63824.
16
What is the greatest common divisor of 624 and 216762?
78
What is the greatest common divisor of 71 and